21 = 4*n. Let f = 1 - n. List the prime factors of f.
2, 5
Let z(q) = -q**2 + 19*q - 21. List the prime factors of z(15).
3, 13
List the prime factors of -1 + (1 - 0) + 33.
3, 11
Let g(m) = -m**3 - 5*m**2 + 5*m + 1. Let s be g(-6). Suppose -5*l + s*x = 3*x + 8, -8 = -5*l - 4*x. Let q = l - -6. List the prime factors of q.
2, 3
Suppose 0 = 3*n - n - 6. Suppose -n*f - 2*r + 21 = r, 2*r + 4 = f. What are the prime factors of f?
2, 3
Suppose -232 = -4*d + 4*z, -9 + 199 = 3*d + 5*z. What are the prime factors of d?
2, 3, 5
Suppose 2*c = 11 + 11. Suppose -2*w + 4 = 0, -y - 3*w = -w - c. What are the prime factors of y?
7
Let h be -1 + (2 - (-2 + -3)). List the prime factors of h*3*2/9.
2
Let o = 93 + -66. List the prime factors of o.
3
Suppose 0 = 3*i + 2 - 11. Let c(l) = -l**2 - 10*l - 6. Let z be c(-9). Suppose -5*g - z*y = -21, 0*y + 3 = 3*g - i*y. List the prime factors of g.
3
Let y be (-3)/(-5) + (-77)/(-5). Suppose 53 = 3*w - y. What are the prime factors of w?
23
Let d = 78 + -9. Suppose d = 3*j - 3*p, 4*j - 5*p = 45 + 51. List the prime factors of j.
19
Suppose -4*a + a = r - 95, -a + 30 = 2*r. List the prime factors of a.
2
Let o = 10 - 5. Suppose 0 = 2*f - 4*q + 20, -4*f = -f + o*q - 14. List the prime factors of (-9)/2*f/1.
3
Suppose u = -2*u + 15. Suppose -2*h - 7 = -5*h - u*j, 2*h - 11 = 3*j. Suppose 14 = o - h*i - 10, -o = -2*i - 18. List the prime factors of o.
2, 3
Let p = 33 + -16. Suppose 10 + p = f. List the prime factors of f.
3
Suppose -i + 10 = -3*o, 1 + 4 = 2*i - 3*o. Let p(f) be the third derivative of -f**4/12 + f**3/3 + 2*f**2. List the prime factors of p(i).
2, 3
Let r(v) = -2*v + 15*v - 4 + v - v**2 - 5. List the prime factors of r(11).
2, 3
Suppose 0 = 6*w - 4*w - 50. List the prime factors of w.
5
Let g be (-2)/(-7)*126/9. List the prime factors of g/8 + 57/2.
29
Let v(p) = 7*p - 1. Let t be v(1). Suppose s = 4*s - 9. Suppose r = s + t. What are the prime factors of r?
3
Let a = -17 - -36. List the prime factors of a.
19
Suppose -7*u - 40 = -12*u. What are the prime factors of u?
2
Suppose 7 = -4*k + 75. Let p = k + -9. List the prime factors of p.
2
Let j(y) = -y - 1. Let o be j(-6). Let i = o + 4. List the prime factors of i/2*4/6.
3
Let l = 61 + -41. What are the prime factors of l?
2, 5
Suppose -o = 2*z + 32, -7*o + 3*o + z - 92 = 0. Let n = o - -40. Let w = n + -10. List the prime factors of w.
2, 3
Let c = -4 + 2. What are the prime factors of -1 - (3 - (c + 22))?
2
Suppose -2*x = -7 - 73. List the prime factors of x.
2, 5
Let f = 0 + 4. Suppose 2*j - 30 = z + z, -f*z - 45 = -3*j. What are the prime factors of (-2)/(-3) - (-200)/j?
2, 7
Suppose 0 = -39*w + 40*w - 18. What are the prime factors of w?
2, 3
What are the prime factors of -5*(-22)/8*(-12)/(-15)?
11
Let i be -2 - -1 - (1 - 8). Let x(h) = h**2 - 6*h + 7. Let b be x(i). Let q = -5 + b. What are the prime factors of q?
2
Let c be (10/2)/(9/(-18)). What are the prime factors of c/(-35) - (-117)/7?
17
Suppose 0 = 2*z + 3*m + 34, z + 2*z - 3*m + 66 = 0. Let h = -13 - z. List the prime factors of h.
7
Let a be 3*(-6)/(-9) + -9. Let h = 28 + a. What are the prime factors of h?
3, 7
Let w(f) be the second derivative of -5*f**5/4 - f**4/12 + f**2/2 - 2*f. What are the prime factors of w(-1)?
5
Suppose v - n = 26, -v - n + 3*n + 26 = 0. List the prime factors of v.
2, 13
Suppose -12 + 36 = 4*n. Suppose -n*h = -11*h + 50. What are the prime factors of h?
2, 5
Let h(l) = 2*l**2 - 4*l + 1. Let q be h(-4). Let z = 71 - q. What are the prime factors of z?
2, 11
Suppose -2 = -2*a + 8. Suppose -21 = -a*n + 44. What are the prime factors of n?
13
Let q(k) = -k. Let z(h) be the third derivative of -h**4/6 + 2*h**3 - 3*h**2. Let l(n) = -3*q(n) + z(n). What are the prime factors of l(9)?
3
Let h(j) = -j**3 - 5*j**2 - 9*j - 11. Suppose -4*o - 20 = -0*o. List the prime factors of h(o).
2, 17
Let m(p) = p**2 + 7*p. What are the prime factors of m(-12)?
2, 3, 5
Let p be 0 + 0 + (-2 - -5). Suppose 0 = -2*b - o + 18 - 4, -p*b - o = -23. Let z = b + 0. What are the prime factors of z?
3
Let s(y) = y**2 + 3*y - 2. Let i be s(-4). List the prime factors of (i + 3/9)*3.
7
Suppose -2*f - 9 = -4*f - 5*q, 5*f - 3*q = 7. Let r = -2 - 1. Let j = f - r. List the prime factors of j.
5
Suppose a = -3*a. Suppose -3*f = -4*z - 10, 0 = 2*f - a*z - z - 5. Suppose -3*o - 3*v = -f*v - 31, -36 = -4*o + 4*v. What are the prime factors of o?
2, 5
Let o(b) be the third derivative of b**4/12 - 3*b**3/2 + 3*b**2. List the prime factors of o(7).
5
Suppose 3*f - 5*s - 13 = -3, 3*f + 2*s - 17 = 0. Let q = f + 0. What are the prime factors of q?
5
Suppose -5 = -4*p + 7, 3*d - 3*p - 9 = 0. Let i(j) = -j**3 + j - 1. Let c be i(-2). Let v = c + d. List the prime factors of v.
11
Let t(h) = h**3 - 9*h**2 + 4. Let l be t(9). Suppose l*g - g = -12. Let c = g - -12. What are the prime factors of c?
2
Let l be 24/10*(0 + -5). List the prime factors of (-183)/l + (-5)/20.
3, 5
Let r be (94/(-8))/((-4)/16). Suppose -5*v + 105 = 2*g + 40, 0 = -2*v - 5*g + r. List the prime factors of v.
11
Suppose 3*k + 127 = 4*g, -g = -0*g + 3*k - 43. List the prime factors of g.
2, 17
Suppose -5*t + 6*t = 113. Suppose -2*a = 2*o - 66, 3*o - 4*a = -0*a + t. Let n = o - 24. List the prime factors of n.
11
Let v(c) = -c**2. Let o(f) = 5*f**2 - 7*f - 6. Let b(y) = o(y) + 4*v(y). Let a be b(8). Suppose -a - 33 = -5*z. List the prime factors of z.
7
Suppose 3*w + 97 = 3*v + 4, 25 = v + w. List the prime factors of v.
2, 7
Let x(w) = 4*w - 1. Let y be x(3). Suppose -4*o + 17 = -y. Suppose -3*l + 19 = o. What are the prime factors of l?
2
Suppose -5*t + 15 = 2*p, 4*p + 5*t = 31 - 6. Suppose u + 4*r = 29, p*r + 55 = 3*u + r. What are the prime factors of u?
3, 7
Let b(x) = -x**3 + 12*x**2 - 7*x - 3. List the prime factors of b(11).
41
Let f be 9/3 - (-1 - 30). Suppose 0 = -3*l + 5*l - f. What are the prime factors of 10/(-5)*l/(-2)?
17
Let a(q) = q**2 + 6*q + 7. Let n be a(-5). Suppose n*z - 8 = 0, 0*z = 4*w + z - 64. What are the prime factors of w?
3, 5
Let l(v) = 2*v + 8. Let q be l(-7). List the prime factors of 29/2 + 3/q.
2, 7
Let b(k) = -7*k + 7 + 11*k + 0 + k**2. List the prime factors of b(-5).
2, 3
Let g(y) = y**3 + 2*y + 0*y + y + 3 - 5*y + 8*y**2. What are the prime factors of g(-8)?
19
Suppose -2*w - 90 = 3*w. Let k be (-184)/w - (-2)/(-9). Let t = 30 - k. List the prime factors of t.
2, 5
Suppose g - 181 = 167. List the prime factors of g.
2, 3, 29
Suppose -7 - 3 = -5*u. Suppose -4*n + 2*f + 76 = -u*f, -3*n = 3*f - 33. Suppose 2*w + 1 = n. What are the prime factors of w?
7
Suppose -3*k + 114 = -j - 230, -2*k = j - 221. What are the prime factors of k?
113
Let l(c) = 5*c - 1. Suppose -4*i = -2*p + 10, 4*p + 5 = 4*i + 21. Let j be p/(-3) - (-1 + -1). What are the prime factors of l(j)?
2
Let o be 3*(-2)/6*2. Let p = o + 11. Suppose -3*m + p + 0 = 0. List the prime factors of m.
3
Suppose 0 = -u - 0*u - 26. Let k = 48 + u. List the prime factors of k.
2, 11
Suppose -3*k - 4*f - 45 = -5*f, 95 = -5*k - 5*f. Let u be 2/10 - (-54)/30. What are the prime factors of (k/12)/(u/(-15))?
2, 5
Let r be 1/(-2) - 2/(-4). List the prime factors of 7 + 2 + -1 + r.
2
Suppose -40*j - 436 = -44*j. What are the prime factors of j?
109
Let l = 41 + -23. What are the prime factors of 0 + -3 + 1 + l?
2
Let p(w) = -w**2 - 6*w + 9. Let u be p(-7). Suppose 4*i = 34 - u. List the prime factors of i.
2
Let o(j) be the first derivative of j**2/2 + 8*j + 2. Let n be o(6). What are the prime factors of (-8)/(-28) - (-80)/n?
2, 3
Let u(x) = 9*x + 7. Let m(w) = 8*w + 7. Let f(r) = -5*m(r) + 4*u(r). What are the prime factors of f(-5)?
13
Let u be (-1)/(-2)*-2 + -22. Let n = -8 - u. List the prime factors of n.
3, 5
Suppose 2*g + 9 = f, -2*f = 8 + 2. Let j(l) = -l**2 - 7*l + 3. What are the prime factors of j(g)?
3
Suppose -136 = -3*t - 4*v, 3*t - 5*t + 3*v + 68 = 0. What are the prime factors of t?
2, 5
Let h(r) = r**3 + 9*r**2 + 6*r - 7. What are the prime factors of h(-6)?
5, 13
Suppose 2*b - 109 = 3*s + 76, 4*b = -5*s + 359. What are the prime factors of b?
7, 13
Suppose 141 = 5*i - 394. List the prime factors of i.
107
Let m = 118 + -167. Let r = 35 + m. What are the prime factors of (21/r)/(2/(-28))?
3, 7
Suppose 2*z = 4, -n - 113 = 4*n + z. Let v = -